{"id":48,"date":"2019-04-20T00:52:13","date_gmt":"2019-04-20T03:52:13","guid":{"rendered":"http:\/\/moodle.reikibr.org\/projetoluz\/?page_id=48"},"modified":"2021-11-20T20:02:19","modified_gmt":"2021-11-20T23:02:19","slug":"numeros-do-projeto","status":"publish","type":"page","link":"http:\/\/moodle.reikibr.org\/projetoluz\/index.php\/projeto-luz\/numeros-do-projeto\/","title":{"rendered":"N\u00fameros do Projeto"},"content":{"rendered":"\n<p class=\"has-text-align-center\">Dados do Projeto Luz, at\u00e9 dezembro de 2021<\/p>\n\n\n\n<p>Data da cria\u00e7\u00e3o do projeto: 22\/02\/2002<\/p>\n\n\n\n<p>Primeira inicia\u00e7\u00e3o: 15\/03\/2002<\/p>\n\n\n\n<p>Inicia\u00e7\u00f5es por ano:   <\/p>\n\n\n\n<p>2002: 340<\/p>\n\n\n\n<p>2003: 182<\/p>\n\n\n\n<p>2004: 145<\/p>\n\n\n\n<p>2005: 123<\/p>\n\n\n\n<p>2006: 86<\/p>\n\n\n\n<p>2007: 141<\/p>\n\n\n\n<p>2008: 198<\/p>\n\n\n\n<p>2009: 261<\/p>\n\n\n\n<p>2010: 398<\/p>\n\n\n\n<p>2011: 622<\/p>\n\n\n\n<p>2012: 546<\/p>\n\n\n\n<p>2013: 644<\/p>\n\n\n\n<p>2014: 883<\/p>\n\n\n\n<p>2015: 1196 <\/p>\n\n\n\n<p>2016: 1492<\/p>\n\n\n\n<p>2017: 1909<\/p>\n\n\n\n<p>2018: 1485<\/p>\n\n\n\n<p>2019: 971<\/p>\n\n\n\n<p>2020: 638<\/p>\n\n\n\n<p>2021: 458<\/p>\n\n\n\n<p>Inicia\u00e7\u00f5es por n\u00edveis:<\/p>\n\n\n\n<p>Iniciados no n\u00edvel I: 5642<\/p>\n\n\n\n<p>Iniciados no n\u00edvel II: 3094<\/p>\n\n\n\n<p>Iniciados no n\u00edvel III-A: 2201<\/p>\n\n\n\n<p>Mestrado (III-B): 627<\/p>\n\n\n\n<p>Em Karuna Ki(I, II e III-A): 1154<\/p>\n\n\n\n<p>Total de Iniciados:  12718<\/p>\n","protected":false},"excerpt":{"rendered":"<p>Dados do Projeto Luz, at\u00e9 dezembro de 2021 Data da cria\u00e7\u00e3o do projeto: 22\/02\/2002 Primeira inicia\u00e7\u00e3o: 15\/03\/2002 Inicia\u00e7\u00f5es por ano: 2002: 340 2003: 182 2004: 145 2005: 123 2006: 86 2007: 141 2008: 198 2009: 261 2010: 398 2011: 622 2012: 546 2013: 644 2014: 883 2015: 1196 2016: 1492 2017: 1909 2018: 1485 2019: [&hellip;]<\/p>\n","protected":false},"author":1,"featured_media":0,"parent":17,"menu_order":0,"comment_status":"closed","ping_status":"closed","template":"","meta":{"jetpack_post_was_ever_published":false,"footnotes":""},"class_list":["post-48","page","type-page","status-publish","hentry"],"jetpack_sharing_enabled":true,"jetpack_shortlink":"https:\/\/wp.me\/PaUIHY-M","_links":{"self":[{"href":"http:\/\/moodle.reikibr.org\/projetoluz\/index.php\/wp-json\/wp\/v2\/pages\/48","targetHints":{"allow":["GET"]}}],"collection":[{"href":"http:\/\/moodle.reikibr.org\/projetoluz\/index.php\/wp-json\/wp\/v2\/pages"}],"about":[{"href":"http:\/\/moodle.reikibr.org\/projetoluz\/index.php\/wp-json\/wp\/v2\/types\/page"}],"author":[{"embeddable":true,"href":"http:\/\/moodle.reikibr.org\/projetoluz\/index.php\/wp-json\/wp\/v2\/users\/1"}],"replies":[{"embeddable":true,"href":"http:\/\/moodle.reikibr.org\/projetoluz\/index.php\/wp-json\/wp\/v2\/comments?post=48"}],"version-history":[{"count":10,"href":"http:\/\/moodle.reikibr.org\/projetoluz\/index.php\/wp-json\/wp\/v2\/pages\/48\/revisions"}],"predecessor-version":[{"id":534,"href":"http:\/\/moodle.reikibr.org\/projetoluz\/index.php\/wp-json\/wp\/v2\/pages\/48\/revisions\/534"}],"up":[{"embeddable":true,"href":"http:\/\/moodle.reikibr.org\/projetoluz\/index.php\/wp-json\/wp\/v2\/pages\/17"}],"wp:attachment":[{"href":"http:\/\/moodle.reikibr.org\/projetoluz\/index.php\/wp-json\/wp\/v2\/media?parent=48"}],"curies":[{"name":"wp","href":"https:\/\/api.w.org\/{rel}","templated":true}]}}