{"id":43,"date":"2019-04-20T00:47:17","date_gmt":"2019-04-20T03:47:17","guid":{"rendered":"http:\/\/moodle.reikibr.org\/projetoluz\/?page_id=43"},"modified":"2019-05-19T23:28:04","modified_gmt":"2019-05-20T02:28:04","slug":"a-cerimonia-de-iniciacao","status":"publish","type":"page","link":"http:\/\/moodle.reikibr.org\/projetoluz\/index.php\/projeto-luz\/a-cerimonia-de-iniciacao\/","title":{"rendered":"A cerim\u00f4nia de inicia\u00e7\u00e3o"},"content":{"rendered":"\n<p>O que seria uma inicia\u00e7\u00e3o, seja ela qual for, sen\u00e3o receber LUZ dos Mestres C\u00f3smicos? E o que a LUZ faz, sen\u00e3o iluminar? E ao iluminarmos o nosso interior, o nosso templo pessoal, o que veremos? Veremos o resultado das nossas a\u00e7\u00f5es. Temos limpado o nosso templo interior com alguma frequ\u00eancia? Temos elevado a nossa vibra\u00e7\u00e3o atrav\u00e9s de preces ou medita\u00e7\u00f5es? O visitamos constantemente, ou nem lembramos que ele existe? N\u00e3o \u00e9 \u00e0 toa que na descri\u00e7\u00e3o deste grupo consta &#8220;Templo do cora\u00e7\u00e3o&#8221;, e o nome do projeto \u00e9 Luz\u2026<\/p>\n\n\n\n<p>\u201c\u00c9 preciso compreender o significado mais profundo da palavra \u201cinicia\u00e7\u00e3o\u201d, pois seu significado foi sendo distorcido ao longo do tempo. Inicia\u00e7\u00e3o \u00e9 um compromisso com a divindade que te habita e que pulsa em tudo o que \u00e9 vivo. \u00c9 um compromisso com a Verdade, pois significa romper com as m\u00e1scaras, e com o falso eu. Inicia\u00e7\u00e3o \u00e9 um movimento em dire\u00e7\u00e3o \u00e0 entrega; um movimento em dire\u00e7\u00e3o ao seu cora\u00e7\u00e3o.&#8221; Sri Prem Baba <\/p>\n\n\n\n<p>V\u00e1rias modalidades, ou sistemas de cura, mais especificamente o Reiki,  bem como outros programas de orienta\u00e7\u00e3o espiritual\/energ\u00e9tica, apresentam inicia\u00e7\u00f5es como parte fundamental, integrante do sistema.  Pergunta-se ent\u00e3o: exatamente o que s\u00e3o inicia\u00e7\u00f5es? <\/p>\n\n\n\n<p>A nona edi\u00e7\u00e3o do Webster Collegiate Dictionary define sintonizar como: 1. Harmonizar 2. Tornar consciente ou sens\u00edvel, e define inicia\u00e7\u00e3o como &#8220;causar ou facilitar o come\u00e7o de, 2. Induzir a se tornar membro por, ou  atrav\u00e9s de rituais especiais, 3. Instruir nos rudimentos ou princ\u00edpios de algo; e inicia\u00e7\u00e3o tamb\u00e9m como: 1.a. O ato ou ocasi\u00e3o de iniciar, b. O processo de ser iniciado,  c. Os rituais, cerim\u00f4nias, prova\u00e7\u00f5es, dogmas ou instru\u00e7\u00f5es pelos quais uma pessoa se torna membro de uma seita ou  sociedade ou \u00e9 investida numa fun\u00e7\u00e3o ou status espec\u00edfico, 2. A condi\u00e7\u00e3o de ser iniciado em alguma experi\u00eancia ou esfera de atividade.&#8221; Estas defini\u00e7\u00f5es fornecem uma no\u00e7\u00e3o vaga do que possa ser sintonizar ou iniciar dentro do significado empregado por curadores e mestres espirituais; mas ainda deixam algo a desejar. <\/p>\n\n\n\n<p>Dizem-nos que, tradicionalmente, numa s\u00e9rie de sistemas espirituais, os aspirantes recebem inicia\u00e7\u00f5es ou sintoniza\u00e7\u00f5es. J\u00e1 se disse que, em antigas escolas de mist\u00e9rios, existiam procedimentos ou sistemas de inicia\u00e7\u00e3o, pelos quais aspirantes a n\u00edveis superiores poderiam comprovar  sua valia. Sacerdotes de v\u00e1rias religi\u00f5es ou sistemas espirituais, com frequ\u00eancia, passam por algum tipo de ritual de inicia\u00e7\u00e3o ao serem elevados ao sacerd\u00f3cio. Ouve-se falar de inicia\u00e7\u00f5es estranhas em  fraternidades de col\u00e9gios. <\/p>\n\n\n\n<p>Uma das dificuldades em definir o sentido destas duas palavras como s\u00e3o empregadas no sentido moderno de espiritualidade ou no sentido metaf\u00edsico \u00e9 que sintoniza\u00e7\u00f5es e inicia\u00e7\u00f5es prov\u00eam de diversas culturas asi\u00e1ticas cuja linguagem, com frequ\u00eancia, t\u00eam apenas um termo para designar os dois processos, enquanto n\u00f3s, em ingl\u00eas, empregamos dois termos, o que nos deixa \u00e0 merc\u00ea dos tradutores.<\/p>\n\n\n\n<p>Para fins desta explana\u00e7\u00e3o, ent\u00e3o, vamos nos referir a inicia\u00e7\u00e3o como sendo a cerim\u00f4nia em que algu\u00e9m recebe a sintoniza\u00e7\u00e3o, o que nos permite definir apenas o que s\u00e3o Sintoniza\u00e7\u00f5es. Para compreender o conceito de sintoniza\u00e7\u00e3o, \u00e9 \u00fatil estar familiarizado com o conceito de aura, e\/ou a id\u00e9ia do  corpo de energia sutil ou duplo et\u00e9rico, uma vez que esses conceitos s\u00e3o fundamentais \u00e0 compreens\u00e3o do que se sup\u00f5e acontecer durante uma sintoniza\u00e7\u00e3o, bem como com o resultado das sintoniza\u00e7\u00f5es.<\/p>\n\n\n\n<p>Se compreendermos que a aura circunda o corpo f\u00edsico, espelhando sua forma e seu contorno, e formando uma parte de sua composi\u00e7\u00e3o energ\u00e9tica, e, se compreendermos que a aura  representa algo como um &#8220;doubl\u00e9 energ\u00e9tico&#8221; do corpo f\u00edsico, podemos come\u00e7ar a entender o que uma sintoniza\u00e7\u00e3o faz numa pessoa.<\/p>\n\n\n\n<p>No processo de sintoniza\u00e7\u00e3o, considera-se que a sintoniza\u00e7\u00e3o recebida &#8220;abre&#8221; canais pelo duplo et\u00e9rico, ou aura para  permitir que energias fluam mais facilmente, de maneira mais eficiente, etc., e para facilitar o desenvolvimento interior do indiv\u00edduo ao longo de uma linha de t\u00f3picos escolhidos, dessa maneira trazendo o indiv\u00edduo a uma maior harmonia, despertando nele maior consci\u00eancia ou sensibilidade. No caso de Reiki, espera-se que as sintoniza\u00e7\u00f5es expandam os caminhos ao longo dos quais a energia curativa \u00e9 canalizada, permitindo ao curador ser  mais eficiente, uma vez que mais energia pode passar pelos canais expandidos. As sintoniza\u00e7\u00f5es s\u00e3o encaradas como pass\u00edveis de melhorar e acelerar o desenvolvimento espiritual numa propor\u00e7\u00e3o que n\u00e3o seria poss\u00edvel durante toda uma vida normal. Um exemplo deste tipo de sintoniza\u00e7\u00e3o \u00e9, em certos sistemas de medita\u00e7\u00e3o de yoga, a sintoniza\u00e7\u00e3o ao mantra pessoal de uma pessoa.<\/p>\n\n\n\n<p>De onde prov\u00eam estas sintoniza\u00e7\u00f5es? \u00c9 importante compreender que as sintoniza\u00e7\u00f5es n\u00e3o v\u00eam da pessoa que as est\u00e1 ministrando. A energia empregada durante o processo de sintoniza\u00e7\u00e3o vem da Fonte Universal. (O termo &#8220;Reiki&#8221; significa, na verdade, &#8220;Energia Vital Universal&#8221;, em japon\u00eas) Isto \u00e9: Deus, ou Esp\u00edrito, o Ser Supremo, Maom\u00e9, Buddha ou o que quer que voc\u00ea decida denominar um Poder Maior. O indiv\u00edduo que faz a sintoniza\u00e7\u00e3o serve simplesmente como um foco, ou, se preferir, uma lente, atrav\u00e9s da qual as sintoniza\u00e7\u00f5es possam ser transmitidas com facilidade ao receptor. Na verdade, em alguns casos, com determinadas energias, alguns indiv\u00edduos t\u00eam a capacidade de &#8220;se sintonizarem&#8221; com algumas energias por iniciativa pr\u00f3pria, dessa forma se auto sintonizando, seja consciente ou inconscientemente. Sintoniza\u00e7\u00f5es podem, tamb\u00e9m, ser feitas pessoalmente ou \u00e0 dist\u00e2ncia. Sintoniza\u00e7\u00f5es poderiam ser designadas como &#8220;b\u00ean\u00e7\u00e3os energ\u00e9ticas&#8221;, gra\u00e7as concedidas ou poderes de que o indiv\u00edduo tenha sido investido para aumentar seu crescimento e desenvolvimento energ\u00e9ticos. Existem, na verdade, pessoas que s\u00f3 buscam sintoniza\u00e7\u00f5es pela sensa\u00e7\u00e3o que sentem ao receb\u00ea-las, sem qualquer prop\u00f3sito de usar as habilidades que as acompanham.<\/p>\n\n\n\n<p>A experi\u00eancia de receber sintoniza\u00e7\u00f5es pode ir desde uma sensa\u00e7\u00e3o leve e tranquila at\u00e9 uma que seja emocional e forte, dependendo de uma s\u00e9rie de fatores, desde o estado emocional da pessoa que a recebe, at\u00e9 \u00e0 forma como \u00e9 ministrada a sintoniza\u00e7\u00e3o.<\/p>\n\n\n\n<p>Os resultados, \u00e0s vezes, s\u00e3o sentidos imediatamente e, em outras ocasi\u00f5es podem levar algum tempo para se instalar. No meu caso particular, fiquei bastante surpresa ao perceber os resultados de algumas sintoniza\u00e7\u00f5es meses, ou mesmo anos depois. Isto n\u00e3o significa que as sintoniza\u00e7\u00f5es tivessem sido recebidas em ocasi\u00e3o impr\u00f3pria, mas simplesmente que elas tiveram uma a\u00e7\u00e3o muito sutil para ocasionarem mudan\u00e7as que eu jamais esperaria durante esta vida. Existe uma vasta gama de prop\u00f3sitos para as sintoniza\u00e7\u00f5es. No caso do Reiki, sendo uma energia de amor, as sintoniza\u00e7\u00f5es s\u00e3o realizadas para melhor canalizar a energia de cura para si mesmo e para outros. Estas sintoniza\u00e7\u00f5es t\u00eam efeito imediato e se espera que os efeitos aumentem \u00e0 medida que o iniciado pratique curas, tanto aumentando o poder de cura quanto fazendo sutilmente desabrochar sua espiritualidade. Outros sistemas energ\u00e9ticos de cura que envolvem sintoniza\u00e7\u00f5es funcionam seguindo caminhos semelhantes.<\/p>\n\n\n\n<p>H\u00e1, tamb\u00e9m, sintoniza\u00e7\u00f5es destinadas a abrir qualidades espirituais, ou aument\u00e1-las. Sintoniza\u00e7\u00f5es s\u00e3o realizadas para auxiliar no progresso espiritual ao longo de trilhas destinadas \u00e0 ilumina\u00e7\u00e3o ou \u00e0 ascens\u00e3o. S\u00e3o estas que, com frequ\u00eancia, funcionar\u00e3o de maneira mais sutil, com efeitos not\u00e1veis apenas meses ou mesmo anos depois. Muitas sintoniza\u00e7\u00f5es ter\u00e3o um efeito f\u00edsico imediato sobre o corpo, raz\u00e3o pela qual a maior parte dos iniciandos seja aconselhada a aumentar a quantidade de \u00e1gua ingerida nas primeiras semanas seguintes \u00e0 sintoniza\u00e7\u00e3o, para auxiliar a adapta\u00e7\u00e3o do corpo. Algumas pessoas chegam a sentir um aumento de sede ap\u00f3s as sintoniza\u00e7\u00f5es. Os efeitos de algumas sintoniza\u00e7\u00f5es podem n\u00e3o ser vis\u00edveis de imediato, uma vez que atuam sobre os n\u00edveis emocional, espiritual e et\u00e9rico do indiv\u00edduo, curando e fazendo desabrochar \u00e1reas de maneira invis\u00edvel, \u00e1reas das quais podemos nem ter tomado conhecimento, manifestando seus efeitos apenas muito mais tarde em n\u00edveis conscientes. Quando isto acontece, surpreende-nos como um &#8220;presente inesperado&#8221;, trazendo, muitas vezes o desejo de aprofundar-se no assunto.<\/p>\n\n\n\n<p>As sintoniza\u00e7\u00f5es seriam adequadas a voc\u00ea? S\u00f3 voc\u00ea mesmo pode se dar esta resposta no momento. Sintoniza\u00e7\u00f5es aumentam nossas habilidades para cura e nossa espiritualidade, independentemente de nossa religi\u00e3o, do fato de nos sentirmos especialmente espirituais ou n\u00e3o, ou da maneira pela qual<\/p>\n\n\n\n<p>professamos nossa espiritualidade. Estas s\u00e3o quest\u00f5es muito pessoais em n\u00edvel consciente, ainda que a espiritualidade tamb\u00e9m se manifeste  nos n\u00edveis espiritual e emocional. Se voc\u00ea se encontrar num caminho de busca espiritual, especificamente num caminho de compaix\u00e3o ou de boddhisativa, ou se estiver num caminho de ascens\u00e3o, as sintoniza\u00e7\u00f5es poder\u00e3o atra\u00ed-lo de imediato. Se voc\u00ea acredita em reencarna\u00e7\u00e3o,  o fato de que as sintoniza\u00e7\u00f5es podem acompanh\u00e1-lo de uma vida para outra, valorizando sua situa\u00e7\u00e3o futura, independentemente de onde voc\u00ea se encontre no momento, elas at\u00e9 podem exercer uma certa atra\u00e7\u00e3o.  Se voc\u00ea andou pensando em aprimorar seu lado espiritual, as sintoniza\u00e7\u00f5es podem funcionar como um sutil trampolim, dando-lhe um empurr\u00e3o inicial, como aconteceu comigo.<\/p>\n\n\n\n<p>Minha experi\u00eancia com sintoniza\u00e7\u00f5es<\/p>\n\n\n\n<p>Eu comecei a praticar curas energ\u00e9ticas h\u00e1 alguns anos. Eu tinha ouvido falar em Reiki, mas n\u00e3o me senti atra\u00edda por ele por v\u00e1rias raz\u00f5es, inclusive o pre\u00e7o. Algu\u00e9m me apresentou a uma outra modalidade de cura e eu achava que era a melhor do mundo. Propalava mesmo que, com longa pr\u00e1tica, desenvolveria a espiritualidade e a habilidade de cura de uma pessoa. Eu fiquei muito satisfeita por praticar essa modalidade  por um bocado de tempo (e ainda o fa\u00e7o).<\/p>\n\n\n\n<p>Em determinado momento, fui apresentada a um Mestre Reiki que oferecia oficinas intensivas por um pre\u00e7o que me pareceu bastante razo\u00e1vel. O meu Ser Superior me empurrou  para me inscrever nas aulas, o que eu fiz, arriscando meu emprego da \u00e9poca. Eu entrei para o curso sem qualquer ideia a respeito de Reiki, com exce\u00e7\u00e3o de que era muito mais oneroso e tomava muito mais tempo. Eu n\u00e3o fazia a menor id\u00e9ia de que fossem acontecer sintoniza\u00e7\u00f5es, ou mesmo do que significasse aquilo. Na primeira noite da oficina, recebi minhas primeiras sintoniza\u00e7\u00f5es. N\u00e3o fiquei impressionada, para dizer a verdade. Senti um relaxamento agrad\u00e1vel, mas nada de excepcional aconteceu, com certeza, n\u00e3o tive vontade de chorar, como alguns de meus colegas obviamente tiveram. Realizei as pr\u00e1ticas de cura, n\u00e3o muito diferentes das que eu j\u00e1 conhecia, aprendi algumas coisas novas e fiquei bastante satisfeita.  No decorrer da tal oficina, por\u00e9m, algo aconteceu comigo. N\u00f3s recebemos tr\u00eas conjuntos de sintoniza\u00e7\u00f5es, um para cada n\u00edvel e, quando eu alcancei as sintoniza\u00e7\u00f5es do n\u00edvel de Mestrado, eu j\u00e1 ansiava por elas, j\u00e1 as sentia aproximarem-se e era profundamente afetada por elas. Tamb\u00e9m experimentei alguma limpeza f\u00edsica na semana posterior \u00e0s minhas sintoniza\u00e7\u00f5es, cujos efeitos eram eliminados de maneira simples com doses maci\u00e7as de \u00e1gua.<\/p>\n\n\n\n<p>Cerca de um ano ap\u00f3s, eu soube de um curso de cristais, fui com uma amiga, e descobri que a senhora que orientava o curso estava, na verdade, dando algumas sintoniza\u00e7\u00f5es para trabalhar com cristais. Ap\u00f3s a aula, ambas sa\u00edmos nos perguntando o que t\u00ednhamos aprendido, afora algumas d\u00e9beis no\u00e7\u00f5es. Durante o caminho, por\u00e9m, chegamos \u00e0 conclus\u00e3o de que, de alguma forma, j\u00e1 sab\u00edamos muito daquilo, e que t\u00ednhamos, realmente, recebido algo. A decorrente e s\u00fabita necessidade de mais \u00e1gua nos primeiros dias seguintes \u00e0s sintoniza\u00e7\u00f5es era, para mim, uma indica\u00e7\u00e3o segura de que eu havia realmente recebido algum tipo de &#8220;ajuste&#8221; energ\u00e9tico.<\/p>\n\n\n\n<p>Alguns meses mais tarde eu fiz um curso, dentro do mesmo programa, que envolvia mais de trinta sintoniza\u00e7\u00f5es dirigidas ao desenvolvimento  espiritual. Ap\u00f3s o curso, eu cheguei \u00e0 conclus\u00e3o de que o programa n\u00e3o era algo para mim, pois eu me encontrava no caminho da cura , isto \u00e9, eu estava mais interessada em curar outras pessoas do que em evoluir.Fiquei extremamente surpresa, cerca de seis meses  mais tarde, ao me encontrar me inscrevendo para o n\u00edvel seguinte e para outros cursos no mesmo programa. O que acontecera? Entendo hoje que, em algum momento do caminho, as sintoniza\u00e7\u00f5es que eu havia recebido at\u00e9 ent\u00e3o, haviam estado funcionando em mim, em n\u00edveis que eu sequer imaginava, preparando-me para um desenvolvimento espiritual ainda mais avan\u00e7ado, e trazendo a um n\u00edvel consciente uma espiritualidade da qual eu tinha apenas uma consci\u00eancia perif\u00e9rica. Eu ainda n\u00e3o estava segura da raz\u00e3o que me levava a procurar essas aulas, afora o fato de que minha habilidade de canalizar curas parecer ter estado se expandindo.<\/p>\n\n\n\n<p>Durante mais de um ano, \u00e9poca em que recebi diversas sintoniza\u00e7\u00f5es de diferentes sistemas, eu percebi que n\u00e3o apenas minhas habilidades curativas haviam sido afetadas, como eu estava revisitando algumas pr\u00e1ticas espirituais, como a medita\u00e7\u00e3o, que eu havia rejeitado no passado, e isso praticamente sem esfor\u00e7o, como se eu o estivesse fazendo por todo o tempo ao longo dos anos. Outras habilidades espirituais tamb\u00e9m come\u00e7aram a surgir durante aquele per\u00edodo. Este \u00e9 um efeito que se pode esperar de certas sintoniza\u00e7\u00f5es, de acordo com meus Mestres.<\/p>\n\n\n\n<p>Quase como se da noite para o dia, parecia-me que eu tivesse acordado com o desejo de trabalhar meu ser espiritual, de tomar medidas no sentido do progresso espiritual, at\u00e9 na dire\u00e7\u00e3o da ascens\u00e3o, e eu entendi de repente como a aten\u00e7\u00e3o ao meu pr\u00f3prio desenvolvimento espiritual poderia melhorar minha capacidade de ajudar outras pessoas. Tamb\u00e9m pude experimentar um relacionamento muito mais pr\u00f3ximo com o Esp\u00edrito e uma crescente sensa\u00e7\u00e3o de trabalhar com o Esp\u00edrito. Havia sido aberta uma passagem para que eu pudesse conectar minha tend\u00eancia m\u00edstica  com a vida real, atrav\u00e9s da cura em v\u00e1rios n\u00edveis.<\/p>\n\n\n\n<p>Algumas pessoas n\u00e3o sentem atra\u00e7\u00e3o pela cura e poderiam, portanto, deixar de lado as sintoniza\u00e7\u00f5es tradicionalmente dispon\u00edveis  nas modalidades de cura. Existem outros sistemas em que se disponibilizam sintoniza\u00e7\u00f5es para o refinamento energ\u00e9tico e o desenvolvimento espiritual. A &#8220;S\u00e9rie Tibetana de Inicia\u00e7\u00f5es&#8221; (Tibetan Empowerment Series) oferece uma s\u00e9rie de 118 sintoniza\u00e7\u00f5es que introduzem energias mais poderosas, de maneira gradual, permitindo uma sutil integra\u00e7\u00e3o energ\u00e9tica que, com o tempo, dar\u00e1 origem a um poderoso progresso na cura e no desenvolvimento espiritual.<\/p>\n\n\n\n<p>Minhas b\u00ean\u00e7\u00e3os a voc\u00eas,  <\/p>\n\n\n\n<p>Margaret Gamez<\/p>\n\n\n\n<p>Nota da autora:<\/p>\n\n\n\n<p>Mesmo n\u00e3o falando Portugu\u00eas (eu falo espanhol), eu acredito que a palavra que, em portugu\u00eas, mais se aproxima do &#8220;empowerment&#8221;, como n\u00f3s a empregamos em trabalhos energ\u00e9ticos seja &#8220;iniciaci\u00f3n&#8221; (eu n\u00e3o sei como se escreve em portugu\u00eas).<\/p>\n\n\n\n<p>A id\u00e9ia \u00e9 a de que voc\u00ea &#8220;recebe&#8221; alguma coisa, como um &#8220;presente&#8221; especial. A id\u00e9ia, em seu conceito \u00e9 muito parecida, embora eu n\u00e3o a encare como igual, de forma alguma, evidentemente, \u00e0quele &#8220;algo&#8221; ou &#8220;presente especial&#8221; que voc\u00ea recebe de seu Deus, quando voc\u00ea percebe que voc\u00ea realmente acredita &#8211; n\u00e3o por causa de alguma coisa que algu\u00e9m tenha dito, mas por causa de algo que voc\u00ea &#8220;sente&#8221;. Isto, em Ingl\u00eas, \u00e9 chamado de &#8220;gra\u00e7a&#8221;. A Inicia\u00e7\u00e3o (empowerment) \u00e9, na verdade, uma esp\u00e9cie de &#8220;gra\u00e7a&#8221;. Efetivamente, o que acontece quando voc\u00ea recebe uma Inicia\u00e7\u00e3o (empowerment) \u00e9 que voc\u00ea &#8220;recebe um poder&#8221;.<\/p>\n\n\n\n<p>No Reiki, a Inicia\u00e7\u00e3o (initiation), ou Sintoniza\u00e7\u00e3o (attunement), ou o &#8220;Ato de Dar Posse&#8221; (empowerment) envolve a abertura de um canal energ\u00e9tico no corpo, de forma a poder canalizar energia com mais facilidade. Em outros sistemas, o processo da Inicia\u00e7\u00e3o pode lhe conferir a habilidade de fazer algo de alguma forma especial. No Reiju, a Inicia\u00e7\u00e3o, embora chamada de &#8220;Ato de Dar Posse, ainda \u00e9 a mesma coisa.<\/p>\n\n\n\n<p>Na s\u00e9rie tibetana de inicia\u00e7\u00f5es, as inicia\u00e7\u00f5es s\u00e3o as mesmas &#8211; s\u00e3o pequenas inicia\u00e7\u00f5es, passo a passo. (No Budismo Tibetano, quando se recebe algo como uma Inicia\u00e7\u00e3o, isso \u00e9 chamado de &#8220;Ato de Dar Posse&#8221;) que s\u00e3o pequenas Inicia\u00e7\u00f5es que v\u00e3o, paulatinamente, conferindo mais poder na habilidade de canalizar energia. Se voc\u00ea canaliza mais energia, voc\u00ea refor\u00e7a (d\u00e1 mais for\u00e7a) o seu &#8220;lado espiritual&#8221;, os corpos espirituais, de maneira que a S\u00e9rie Tibetana de Inicia\u00e7\u00f5es o ajuda a fazer isso. A cada vez que voc\u00ea recebe uma Inicia\u00e7\u00e3o ou sintoniza\u00e7\u00e3o de algum outro sistema, isto acontece em maior ou menor grau.<\/p>\n\n\n\n<p>O &#8220;Ato de Dar Posse&#8221; pode significar outras coisa, dependendo daquilo de que se est\u00e1 falando, mas, no trabalho com energia, quer dizer apenas aquilo que eu j\u00e1 disse.<\/p>\n\n\n\n<p>O significado das palavras \u00e9 determinado pelo contexto em que s\u00e3o empregadas. A sensa\u00e7\u00e3o \u00e9 que o termo pode ser mais interessante para algumas pessoas porque a express\u00e3o &#8220;Ato de Dar Posse&#8221; parece conter a  palavra &#8220;poder&#8221; de forma a englobar a sensa\u00e7\u00e3o de &#8220;Receber um Poder&#8221;. A mim, parece ser esta a raz\u00e3o de algumas pessoas gostarem dela. Com &#8220;Sintoniza\u00e7\u00e3o&#8221; (attunement), a sensa\u00e7\u00e3o \u00e9 de que voc\u00ea se &#8220;coloca em sintonia&#8221; com algo. J\u00e1 em Inicia\u00e7\u00e3o (initiation), a sensa\u00e7\u00e3o \u00e9 a de que voc\u00ea se torna parte de um grupo especial. A raz\u00e3o de existirem tantos termos se deve \u00e0 tradu\u00e7\u00e3o. Nem sempre \u00e9 poss\u00edvel transpor uma palavra diretamente de uma l\u00edngua para outra. Reiki veio da l\u00edngua japonesa. As primeiras pessoas que a traduziram, usaram &#8220;Sintoniza\u00e7\u00e3o&#8221;. Mais tarde, as pessoas perceberam que o termo japon\u00eas (que eu n\u00e3o conhe\u00e7o) tamb\u00e9m significava &#8220;Inicia\u00e7\u00e3o&#8221;. Algumas pessoas n\u00e3o gostam de um termo e usam o outro. H\u00e1 os que usam ambos.<\/p>\n\n\n\n<p>Depois disso, ao se encontrarem no Jap\u00e3o, algumas pessoas que praticavam Reiki\/Reiju, elas traduziram a palavra de novo e conseguiram &#8220;Dar Posse A&#8221;, que \u00e9 tamb\u00e9m o termo usado pelos Budistas para cerim\u00f4nias especiais. Do meu ponto de vista, todos os tr\u00eas termos se referem (quando se fala em trabalho com energia) \u00e0 mesma coisa. Se eu receber uma Inicia\u00e7\u00e3o, uma Sintoniza\u00e7\u00e3o ou se me for &#8220;Dada Posse&#8221;, a minha sensa\u00e7\u00e3o interna ser\u00e1 provavelmente, muito parecida.<\/p>\n","protected":false},"excerpt":{"rendered":"<p>O que seria uma inicia\u00e7\u00e3o, seja ela qual for, sen\u00e3o receber LUZ dos Mestres C\u00f3smicos? E o que a LUZ faz, sen\u00e3o iluminar? E ao iluminarmos o nosso interior, o nosso templo pessoal, o que veremos? Veremos o resultado das nossas a\u00e7\u00f5es. Temos limpado o nosso templo interior com alguma frequ\u00eancia? Temos elevado a nossa [&hellip;]<\/p>\n","protected":false},"author":1,"featured_media":0,"parent":17,"menu_order":0,"comment_status":"closed","ping_status":"closed","template":"","meta":{"jetpack_post_was_ever_published":false,"footnotes":""},"class_list":["post-43","page","type-page","status-publish","hentry"],"jetpack_sharing_enabled":true,"jetpack_shortlink":"https:\/\/wp.me\/PaUIHY-H","_links":{"self":[{"href":"http:\/\/moodle.reikibr.org\/projetoluz\/index.php\/wp-json\/wp\/v2\/pages\/43","targetHints":{"allow":["GET"]}}],"collection":[{"href":"http:\/\/moodle.reikibr.org\/projetoluz\/index.php\/wp-json\/wp\/v2\/pages"}],"about":[{"href":"http:\/\/moodle.reikibr.org\/projetoluz\/index.php\/wp-json\/wp\/v2\/types\/page"}],"author":[{"embeddable":true,"href":"http:\/\/moodle.reikibr.org\/projetoluz\/index.php\/wp-json\/wp\/v2\/users\/1"}],"replies":[{"embeddable":true,"href":"http:\/\/moodle.reikibr.org\/projetoluz\/index.php\/wp-json\/wp\/v2\/comments?post=43"}],"version-history":[{"count":5,"href":"http:\/\/moodle.reikibr.org\/projetoluz\/index.php\/wp-json\/wp\/v2\/pages\/43\/revisions"}],"predecessor-version":[{"id":431,"href":"http:\/\/moodle.reikibr.org\/projetoluz\/index.php\/wp-json\/wp\/v2\/pages\/43\/revisions\/431"}],"up":[{"embeddable":true,"href":"http:\/\/moodle.reikibr.org\/projetoluz\/index.php\/wp-json\/wp\/v2\/pages\/17"}],"wp:attachment":[{"href":"http:\/\/moodle.reikibr.org\/projetoluz\/index.php\/wp-json\/wp\/v2\/media?parent=43"}],"curies":[{"name":"wp","href":"https:\/\/api.w.org\/{rel}","templated":true}]}}