{"id":30,"date":"2019-04-20T00:24:28","date_gmt":"2019-04-20T03:24:28","guid":{"rendered":"http:\/\/moodle.reikibr.org\/projetoluz\/?page_id=30"},"modified":"2025-02-22T10:07:28","modified_gmt":"2025-02-22T13:07:28","slug":"a-origem-do-projeto-luz","status":"publish","type":"page","link":"http:\/\/moodle.reikibr.org\/projetoluz\/index.php\/projeto-luz\/a-origem-do-projeto-luz\/","title":{"rendered":"A origem do Projeto Luz"},"content":{"rendered":"\n<p>O Projeto Luz foi recebido intuitivamente por Pl\u00ednio Ganzer Moreira, ap\u00f3s a leitura das mensagens da <a aria-label=\"Fam\u00edlia de Miguel (opens in a new tab)\" href=\"http:\/\/moodle.reikibr.org\/projetoluz\/index.php\/mestres-curadores\/\" target=\"_blank\" rel=\"noreferrer noopener\">Fam\u00edlia de Miguel<\/a> em 2002.\u00a0Por esse motivo, o Arcanjo Miguel \u00e9 o seu patrono. \u00a0Al\u00e9m disso, a Mestra Kuan Yin nos concede as suas b\u00ean\u00e7\u00e3os, especialmente nas inicia\u00e7\u00f5es de Karuna Ki.<\/p>\n\n\n\n<figure class=\"wp-block-gallery has-nested-images columns-default is-cropped wp-block-gallery-1 is-layout-flex wp-block-gallery-is-layout-flex\">\n<figure class=\"wp-block-image size-large\"><img loading=\"lazy\" decoding=\"async\" width=\"1024\" height=\"768\" data-id=\"31\" src=\"https:\/\/moodle.reikibr.org\/projetoluz\/wp-content\/uploads\/2019\/04\/Arcanjo-Miguel-1030x772-1024x768.jpg\" alt=\"\" class=\"wp-image-31\" srcset=\"http:\/\/moodle.reikibr.org\/projetoluz\/wp-content\/uploads\/2019\/04\/Arcanjo-Miguel-1030x772-1024x768.jpg 1024w, http:\/\/moodle.reikibr.org\/projetoluz\/wp-content\/uploads\/2019\/04\/Arcanjo-Miguel-1030x772-300x225.jpg 300w, http:\/\/moodle.reikibr.org\/projetoluz\/wp-content\/uploads\/2019\/04\/Arcanjo-Miguel-1030x772-768x576.jpg 768w, http:\/\/moodle.reikibr.org\/projetoluz\/wp-content\/uploads\/2019\/04\/Arcanjo-Miguel-1030x772.jpg 1030w\" sizes=\"auto, (max-width: 1024px) 100vw, 1024px\" \/><\/figure>\n\n\n\n<figure class=\"wp-block-image size-large\"><img loading=\"lazy\" decoding=\"async\" width=\"753\" height=\"1024\" data-id=\"32\" src=\"https:\/\/moodle.reikibr.org\/projetoluz\/wp-content\/uploads\/2019\/04\/lady-kwan-yin-3-753x1024.jpg\" alt=\"\" class=\"wp-image-32\" srcset=\"http:\/\/moodle.reikibr.org\/projetoluz\/wp-content\/uploads\/2019\/04\/lady-kwan-yin-3-753x1024.jpg 753w, http:\/\/moodle.reikibr.org\/projetoluz\/wp-content\/uploads\/2019\/04\/lady-kwan-yin-3-221x300.jpg 221w, http:\/\/moodle.reikibr.org\/projetoluz\/wp-content\/uploads\/2019\/04\/lady-kwan-yin-3-768x1044.jpg 768w, http:\/\/moodle.reikibr.org\/projetoluz\/wp-content\/uploads\/2019\/04\/lady-kwan-yin-3.jpg 1004w\" sizes=\"auto, (max-width: 753px) 100vw, 753px\" \/><\/figure>\n<\/figure>\n","protected":false},"excerpt":{"rendered":"<p>O Projeto Luz foi recebido intuitivamente por Pl\u00ednio Ganzer Moreira, ap\u00f3s a leitura das mensagens da Fam\u00edlia de Miguel em 2002.\u00a0Por esse motivo, o Arcanjo Miguel \u00e9 o seu patrono. \u00a0Al\u00e9m disso, a Mestra Kuan Yin nos concede as suas b\u00ean\u00e7\u00e3os, especialmente nas inicia\u00e7\u00f5es de Karuna Ki.<\/p>\n","protected":false},"author":1,"featured_media":0,"parent":17,"menu_order":0,"comment_status":"closed","ping_status":"closed","template":"","meta":{"jetpack_post_was_ever_published":false,"footnotes":""},"class_list":["post-30","page","type-page","status-publish","hentry"],"jetpack_sharing_enabled":true,"jetpack_shortlink":"https:\/\/wp.me\/PaUIHY-u","_links":{"self":[{"href":"http:\/\/moodle.reikibr.org\/projetoluz\/index.php\/wp-json\/wp\/v2\/pages\/30","targetHints":{"allow":["GET"]}}],"collection":[{"href":"http:\/\/moodle.reikibr.org\/projetoluz\/index.php\/wp-json\/wp\/v2\/pages"}],"about":[{"href":"http:\/\/moodle.reikibr.org\/projetoluz\/index.php\/wp-json\/wp\/v2\/types\/page"}],"author":[{"embeddable":true,"href":"http:\/\/moodle.reikibr.org\/projetoluz\/index.php\/wp-json\/wp\/v2\/users\/1"}],"replies":[{"embeddable":true,"href":"http:\/\/moodle.reikibr.org\/projetoluz\/index.php\/wp-json\/wp\/v2\/comments?post=30"}],"version-history":[{"count":3,"href":"http:\/\/moodle.reikibr.org\/projetoluz\/index.php\/wp-json\/wp\/v2\/pages\/30\/revisions"}],"predecessor-version":[{"id":593,"href":"http:\/\/moodle.reikibr.org\/projetoluz\/index.php\/wp-json\/wp\/v2\/pages\/30\/revisions\/593"}],"up":[{"embeddable":true,"href":"http:\/\/moodle.reikibr.org\/projetoluz\/index.php\/wp-json\/wp\/v2\/pages\/17"}],"wp:attachment":[{"href":"http:\/\/moodle.reikibr.org\/projetoluz\/index.php\/wp-json\/wp\/v2\/media?parent=30"}],"curies":[{"name":"wp","href":"https:\/\/api.w.org\/{rel}","templated":true}]}}