{"id":252,"date":"2019-04-21T13:22:33","date_gmt":"2019-04-21T16:22:33","guid":{"rendered":"http:\/\/moodle.reikibr.org\/projetoluz\/?page_id=252"},"modified":"2019-04-21T13:27:38","modified_gmt":"2019-04-21T16:27:38","slug":"sabonete-de-sal-e-ervas-2","status":"publish","type":"page","link":"http:\/\/moodle.reikibr.org\/projetoluz\/index.php\/projeto-luz\/sabonete-de-sal-e-ervas-2\/","title":{"rendered":"Sabonete de sal e ervas"},"content":{"rendered":"\n<p>Como fazer um sabonete para limpeza energ\u00e9tica (com sal marinho e ervas)<\/p>\n\n\n\n<ol class=\"wp-block-list\"><li>&nbsp;Derreta, em banho maria, um sabonete vegano (Phebo ou Granado) com o perfume de sua prefer\u00eancia;<\/li><li>&nbsp;Se\n for colher as ervas, fa\u00e7a da maneira correta: ao amanhecer ou \nentardecer (quando o sol n\u00e3o incide sobre ela), pedindo permiss\u00e3o aos \nelementais que est\u00e3o presentes no local;<\/li><li>&nbsp;Pique,\n com as m\u00e3os, a erva de limpeza escolhida (algumas sugest\u00f5es abaixo, mas\n pode usar a da sua prefer\u00eancia), e disponha em um pote com a base menor\n do que a borda, para facilitar ao retirar o produto final;<\/li><li>&nbsp;Adicione duas colheres (de sopa) de sal marinho, para cada sabonete que for derretido;<\/li><li>&nbsp;Despeje o sabonete e misture os ingredientes de forma r\u00e1pida;<\/li><li>&nbsp;Se tiver o floral de prote\u00e7\u00e3o, pingue sete gotas na mistura;<\/li><li>Aguarde esfriar e pode desenformar.<\/li><\/ol>\n\n\n\n<p>Como  usar: Tome seu banho de forma usual, de prefer\u00eancia com um sabonete  vegano. Ap\u00f3s, lave-se com o sabonete de sal e ervas do pesco\u00e7o para  baixo.<\/p>\n\n\n\n<p><br>Algumas sugest\u00f5es de ervas (pode usar mais de uma):Alecrim &#8211; Usada para atrair prosperidade e abertura de caminhos, tamb\u00e9m destr\u00f3i larvas astrais e afasta a tristeza.<\/p>\n\n\n\n<p>Arruda  &#8211; Erva de grande poder. Desagrega fluidos negativos, destr\u00f3i as larvas  astrais e o ac\u00famulo energ\u00e9tico proveniente da repeti\u00e7\u00e3o de pensamentos  negativos emitidos pela pessoa que toma o banho, bem como pelas  entidades do baixo astral.<\/p>\n\n\n\n<p>Alfazema &#8211; Equilibra nossas energias, traz paz e harmonia, e ajuda na limpeza e purifica\u00e7\u00e3o do ambiente.<\/p>\n\n\n\n<p>Guin\u00e9  &#8211; Facilita a comunica\u00e7\u00e3o com os bons esp\u00edritos, desagrega formas e  pensamentos de baixa vibra\u00e7\u00e3o, transmite boas energias, elimina o  cansa\u00e7o e a indisposi\u00e7\u00e3o e combate as obsess\u00f5es de natureza sexual. <\/p>\n","protected":false},"excerpt":{"rendered":"<p>Como fazer um sabonete para limpeza energ\u00e9tica (com sal marinho e ervas) &nbsp;Derreta, em banho maria, um sabonete vegano (Phebo ou Granado) com o perfume de sua prefer\u00eancia; &nbsp;Se for colher as ervas, fa\u00e7a da maneira correta: ao amanhecer ou entardecer (quando o sol n\u00e3o incide sobre ela), pedindo permiss\u00e3o aos elementais que est\u00e3o presentes [&hellip;]<\/p>\n","protected":false},"author":1,"featured_media":0,"parent":17,"menu_order":0,"comment_status":"closed","ping_status":"closed","template":"","meta":{"jetpack_post_was_ever_published":false,"footnotes":""},"class_list":["post-252","page","type-page","status-publish","hentry"],"jetpack_sharing_enabled":true,"jetpack_shortlink":"https:\/\/wp.me\/PaUIHY-44","_links":{"self":[{"href":"http:\/\/moodle.reikibr.org\/projetoluz\/index.php\/wp-json\/wp\/v2\/pages\/252","targetHints":{"allow":["GET"]}}],"collection":[{"href":"http:\/\/moodle.reikibr.org\/projetoluz\/index.php\/wp-json\/wp\/v2\/pages"}],"about":[{"href":"http:\/\/moodle.reikibr.org\/projetoluz\/index.php\/wp-json\/wp\/v2\/types\/page"}],"author":[{"embeddable":true,"href":"http:\/\/moodle.reikibr.org\/projetoluz\/index.php\/wp-json\/wp\/v2\/users\/1"}],"replies":[{"embeddable":true,"href":"http:\/\/moodle.reikibr.org\/projetoluz\/index.php\/wp-json\/wp\/v2\/comments?post=252"}],"version-history":[{"count":1,"href":"http:\/\/moodle.reikibr.org\/projetoluz\/index.php\/wp-json\/wp\/v2\/pages\/252\/revisions"}],"predecessor-version":[{"id":253,"href":"http:\/\/moodle.reikibr.org\/projetoluz\/index.php\/wp-json\/wp\/v2\/pages\/252\/revisions\/253"}],"up":[{"embeddable":true,"href":"http:\/\/moodle.reikibr.org\/projetoluz\/index.php\/wp-json\/wp\/v2\/pages\/17"}],"wp:attachment":[{"href":"http:\/\/moodle.reikibr.org\/projetoluz\/index.php\/wp-json\/wp\/v2\/media?parent=252"}],"curies":[{"name":"wp","href":"https:\/\/api.w.org\/{rel}","templated":true}]}}