{"id":238,"date":"2019-04-21T13:06:50","date_gmt":"2019-04-21T16:06:50","guid":{"rendered":"http:\/\/moodle.reikibr.org\/projetoluz\/?page_id=238"},"modified":"2023-02-28T15:06:16","modified_gmt":"2023-02-28T18:06:16","slug":"praticas-para-o-nivel-i","status":"publish","type":"page","link":"http:\/\/moodle.reikibr.org\/projetoluz\/index.php\/praticas-para-o-nivel-i\/","title":{"rendered":"Pr\u00e1ticas para o n\u00edvel I"},"content":{"rendered":"\n<p><a rel=\"noreferrer noopener\" href=\"http:\/\/moodle.reikibr.org\/projetoluz\/index.php\/praticas-para-o-nivel-i\/\" target=\"_blank\">Pr\u00e1ticas para o n\u00edvel I<\/a><\/p>\n\n\n\n<div data-wp-interactive=\"core\/file\" class=\"wp-block-file\"><object data-wp-bind--hidden=\"!state.hasPdfPreview\" hidden class=\"wp-block-file__embed\" data=\"http:\/\/moodle.reikibr.org\/projetoluz\/wp-content\/uploads\/2023\/02\/Maos-de-Luz.pdf\" type=\"application\/pdf\" style=\"width:100%;height:600px\" aria-label=\"Incorporado de Incorporado de M\u00e3os-de-Luz..\"><\/object><a id=\"wp-block-file--media-e834cc1a-6940-44ee-adcd-a0fd5da443da\" href=\"http:\/\/moodle.reikibr.org\/projetoluz\/wp-content\/uploads\/2023\/02\/Maos-de-Luz.pdf\">M\u00e3os-de-Luz<\/a><a href=\"http:\/\/moodle.reikibr.org\/projetoluz\/wp-content\/uploads\/2023\/02\/Maos-de-Luz.pdf\" class=\"wp-block-file__button\" download aria-describedby=\"wp-block-file--media-e834cc1a-6940-44ee-adcd-a0fd5da443da\">Baixar<\/a><\/div>\n\n\n\n<p><a href=\"http:\/\/moodle.reikibr.org\/projetoluz\/index.php\/projeto-luz\/a-cerimonia-de-iniciacao\/\">O que s\u00e3o as inicia\u00e7\u00f5es<\/a><\/p>\n\n\n\n<p><a href=\"https:\/\/www.horariodebrasilia.org\/\" target=\"_blank\" rel=\"noreferrer noopener\" aria-label=\"Hora oficial do Projeto Luz e para as inicia\u00e7\u00f5es (opens in a new tab)\">Hora oficial do Projeto Luz e para as inicia\u00e7\u00f5es<\/a><\/p>\n\n\n\n<div data-wp-interactive=\"core\/file\" class=\"wp-block-file\"><object data-wp-bind--hidden=\"!state.hasPdfPreview\" hidden class=\"wp-block-file__embed\" data=\"http:\/\/moodle.reikibr.org\/projetoluz\/wp-content\/uploads\/2023\/02\/Maos-de-Luz.pdf\" type=\"application\/pdf\" style=\"width:100%;height:600px\" aria-label=\"Incorporado de Incorporado de M\u00e3os-de-Luz..\"><\/object><a id=\"wp-block-file--media-b813f220-9cc0-499a-a724-ab9d7d917638\" href=\"http:\/\/moodle.reikibr.org\/projetoluz\/wp-content\/uploads\/2023\/02\/Maos-de-Luz.pdf\">M\u00e3os-de-Luz<\/a><a href=\"http:\/\/moodle.reikibr.org\/projetoluz\/wp-content\/uploads\/2023\/02\/Maos-de-Luz.pdf\" class=\"wp-block-file__button\" download aria-describedby=\"wp-block-file--media-b813f220-9cc0-499a-a724-ab9d7d917638\">Baixar<\/a><\/div>\n\n\n\n<p><a href=\"http:\/\/moodle.reikibr.org\/projetoluz\/index.php\/chakras-em-3d-instituto-ibbis\/\" data-type=\"page\" data-id=\"551\">V\u00eddeos em 3D, sobre os chakras<\/a><\/p>\n\n\n\n<div data-wp-interactive=\"core\/file\" class=\"wp-block-file\"><object data-wp-bind--hidden=\"!state.hasPdfPreview\" hidden class=\"wp-block-file__embed\" data=\"http:\/\/moodle.reikibr.org\/projetoluz\/wp-content\/uploads\/2023\/02\/Maos-de-Luz.pdf\" type=\"application\/pdf\" style=\"width:100%;height:600px\" aria-label=\"Incorporado de Incorporado de M\u00e3os-de-Luz..\"><\/object><a id=\"wp-block-file--media-172bfa6f-1e01-4c7f-82ad-1942c3a86729\" href=\"http:\/\/moodle.reikibr.org\/projetoluz\/wp-content\/uploads\/2023\/02\/Maos-de-Luz.pdf\">M\u00e3os-de-Luz<\/a><a href=\"http:\/\/moodle.reikibr.org\/projetoluz\/wp-content\/uploads\/2023\/02\/Maos-de-Luz.pdf\" class=\"wp-block-file__button\" download aria-describedby=\"wp-block-file--media-172bfa6f-1e01-4c7f-82ad-1942c3a86729\">Baixar<\/a><\/div>\n\n\n\n<p><a rel=\"noreferrer noopener\" aria-label=\"A mensagem (opens in a new tab)\" href=\"http:\/\/moodle.reikibr.org\/projetoluz\/index.php\/projeto-luz\/a-mensagem\/\" target=\"_blank\">A mensagem<\/a><\/p>\n\n\n\n<p><a rel=\"noreferrer noopener\" aria-label=\"Floral para a inicia\u00e7\u00e3o (opcional) (opens in a new tab)\" href=\"http:\/\/moodle.reikibr.org\/projetoluz\/index.php\/projeto-luz\/floral-de-protecao\/\" target=\"_blank\">Floral para a inicia\u00e7\u00e3o (opcional)<\/a><\/p>\n\n\n\n<p><a href=\"http:\/\/moodle.reikibr.org\/projetoluz\/index.php\/codigo-de-etica\/\" target=\"_blank\" rel=\"noreferrer noopener\" aria-label=\"C\u00f3digo de \u00e9tica (opens in a new tab)\">C\u00f3digo de \u00e9tica<\/a><\/p>\n\n\n\n<p><\/p>\n\n\n\n<p><\/p>\n\n\n\n<figure class=\"wp-block-embed is-type-video is-provider-youtube wp-block-embed-youtube wp-embed-aspect-4-3 wp-has-aspect-ratio\"><div class=\"wp-block-embed__wrapper\">\n<div class=\"jetpack-video-wrapper\"><span class=\"embed-youtube\" style=\"text-align:center; display: block;\"><iframe loading=\"lazy\" class=\"youtube-player\" width=\"820\" height=\"462\" src=\"https:\/\/www.youtube.com\/embed\/O_Z08RAjIos?version=3&#038;rel=1&#038;showsearch=0&#038;showinfo=1&#038;iv_load_policy=1&#038;fs=1&#038;hl=pt-BR&#038;autohide=2&#038;wmode=transparent\" allowfullscreen=\"true\" style=\"border:0;\" sandbox=\"allow-scripts allow-same-origin allow-popups allow-presentation allow-popups-to-escape-sandbox\"><\/iframe><\/span><\/div>\n<\/div><\/figure>\n\n\n\n<figure class=\"wp-block-embed is-type-video is-provider-vimeo wp-block-embed-vimeo wp-embed-aspect-4-3 wp-has-aspect-ratio\"><div class=\"wp-block-embed__wrapper\">\n<div class=\"jetpack-video-wrapper\"><iframe loading=\"lazy\" title=\"Dez minutos para mudar o mundo - Philip Wollen\" src=\"https:\/\/player.vimeo.com\/video\/69379456?dnt=1&amp;app_id=122963\" width=\"480\" height=\"360\" frameborder=\"0\" allow=\"autoplay; fullscreen; picture-in-picture; clipboard-write; encrypted-media\"><\/iframe><\/div>\n<\/div><\/figure>\n\n\n\n<p><\/p>\n\n\n\n<p><\/p>\n","protected":false},"excerpt":{"rendered":"<p>Pr\u00e1ticas para o n\u00edvel I O que s\u00e3o as inicia\u00e7\u00f5es Hora oficial do Projeto Luz e para as inicia\u00e7\u00f5es V\u00eddeos em 3D, sobre os chakras A mensagem Floral para a inicia\u00e7\u00e3o (opcional) C\u00f3digo de \u00e9tica<\/p>\n","protected":false},"author":1,"featured_media":0,"parent":0,"menu_order":0,"comment_status":"closed","ping_status":"closed","template":"","meta":{"jetpack_post_was_ever_published":false,"footnotes":""},"class_list":["post-238","page","type-page","status-publish","hentry"],"jetpack_sharing_enabled":true,"jetpack_shortlink":"https:\/\/wp.me\/PaUIHY-3Q","_links":{"self":[{"href":"http:\/\/moodle.reikibr.org\/projetoluz\/index.php\/wp-json\/wp\/v2\/pages\/238","targetHints":{"allow":["GET"]}}],"collection":[{"href":"http:\/\/moodle.reikibr.org\/projetoluz\/index.php\/wp-json\/wp\/v2\/pages"}],"about":[{"href":"http:\/\/moodle.reikibr.org\/projetoluz\/index.php\/wp-json\/wp\/v2\/types\/page"}],"author":[{"embeddable":true,"href":"http:\/\/moodle.reikibr.org\/projetoluz\/index.php\/wp-json\/wp\/v2\/users\/1"}],"replies":[{"embeddable":true,"href":"http:\/\/moodle.reikibr.org\/projetoluz\/index.php\/wp-json\/wp\/v2\/comments?post=238"}],"version-history":[{"count":8,"href":"http:\/\/moodle.reikibr.org\/projetoluz\/index.php\/wp-json\/wp\/v2\/pages\/238\/revisions"}],"predecessor-version":[{"id":578,"href":"http:\/\/moodle.reikibr.org\/projetoluz\/index.php\/wp-json\/wp\/v2\/pages\/238\/revisions\/578"}],"wp:attachment":[{"href":"http:\/\/moodle.reikibr.org\/projetoluz\/index.php\/wp-json\/wp\/v2\/media?parent=238"}],"curies":[{"name":"wp","href":"https:\/\/api.w.org\/{rel}","templated":true}]}}