{"id":107,"date":"2019-04-20T18:52:08","date_gmt":"2019-04-20T21:52:08","guid":{"rendered":"http:\/\/moodle.reikibr.org\/projetoluz\/?page_id=107"},"modified":"2019-05-16T23:13:34","modified_gmt":"2019-05-17T02:13:34","slug":"corpo-de-mestres","status":"publish","type":"page","link":"http:\/\/moodle.reikibr.org\/projetoluz\/index.php\/projeto-luz\/corpo-de-mestres\/","title":{"rendered":"Corpo de Mestres"},"content":{"rendered":"\n<p><\/p>\n\n\n\n<p><em>\u201cNingu\u00e9m, depois de acender uma candeia, a p\u00f5e em lugar oculto, nem debaixo do alqueire, mas no velador, para que os que entram vejam a LUZ\u201d Lucas 11-33.<\/em><\/p>\n\n\n\n<div class=\"wp-block-image\"><figure class=\"aligncenter\"><img loading=\"lazy\" decoding=\"async\" width=\"240\" height=\"320\" src=\"http:\/\/moodle.reikibr.org\/projetoluz\/wp-content\/uploads\/2019\/05\/velador.jpg\" alt=\"\" class=\"wp-image-412\" srcset=\"http:\/\/moodle.reikibr.org\/projetoluz\/wp-content\/uploads\/2019\/05\/velador.jpg 240w, http:\/\/moodle.reikibr.org\/projetoluz\/wp-content\/uploads\/2019\/05\/velador-225x300.jpg 225w\" sizes=\"auto, (max-width: 240px) 100vw, 240px\" \/><\/figure><\/div>\n\n\n\n<p>Os mestres do Projeto Luz s\u00e3o os cadastrados como tal&nbsp;no <a rel=\"noreferrer noopener\" target=\"_blank\" href=\"https:\/\/www.google.com\/maps\/d\/u\/0\/viewer?mid=177EQghoW6P3X3gFqB5AkbnoaYR7f9PAA&amp;ll=10.25396268313104%2C-54.17710260000001&amp;z=2\"><strong>mapa de mestres vis\u00edveis<\/strong><\/a>. A linhagem&nbsp;utilizada pelos iniciados deste projeto poder\u00e1 ser a dos mestres fundadores,&nbsp;Luiz Franklin de Mattos Silva, Pl\u00ednio&nbsp;Ganzer&nbsp;Moreira&nbsp; e Sandra Mitiko, que consta abaixo:<\/p>\n\n\n\n<p><\/p>\n\n\n\n<p><\/p>\n\n\n\n<p style=\"text-align:center\"><strong>Dr&nbsp;.<\/strong><strong>&nbsp;Mikao&nbsp;&nbsp;&nbsp;Usui<\/strong><strong><\/strong><\/p>\n\n\n\n<p style=\"text-align:center\"><strong>\u2193<\/strong><strong><\/strong><\/p>\n\n\n\n<p style=\"text-align:center\"><strong>Chujiro Hayashi<\/strong><\/p>\n\n\n\n<p style=\"text-align:center\"><strong>\u2193<\/strong><\/p>\n\n\n\n<p style=\"text-align:center\"><strong>Hawayo Takata<\/strong><strong><\/strong><\/p>\n\n\n\n<p style=\"text-align:center\"><strong>\u2193<\/strong><strong><\/strong><\/p>\n\n\n\n<p style=\"text-align:center\"><strong>Phyllis&nbsp;Furimoto<\/strong><strong><\/strong><\/p>\n\n\n\n<p style=\"text-align:center\"><strong>\u2193<\/strong><strong><\/strong><\/p>\n\n\n\n<p style=\"text-align:center\"><strong>Claudia Hoffman<\/strong><strong><\/strong><\/p>\n\n\n\n<p style=\"text-align:center\"><strong>\u2193<\/strong><strong><\/strong><\/p>\n\n\n\n<p style=\"text-align:center\"><strong>Mary&nbsp;Shaw<\/strong><strong><\/strong><\/p>\n\n\n\n<p style=\"text-align:center\"><strong>\u2193<\/strong><strong><\/strong><\/p>\n\n\n\n<p style=\"text-align:center\"><strong>Christine&nbsp;Henderson<\/strong><strong><\/strong><\/p>\n\n\n\n<p style=\"text-align:center\"><strong>\u2193<\/strong><strong><\/strong><\/p>\n\n\n\n<p style=\"text-align:center\"><strong>Bruce&nbsp;Way<\/strong><strong><\/strong><\/p>\n\n\n\n<p style=\"text-align:center\"><strong>\u2193<\/strong><strong><\/strong><\/p>\n\n\n\n<p style=\"text-align:center\"><strong>Earth<\/strong><strong>&nbsp;Healer&nbsp;Academy<\/strong><strong><\/strong><\/p>\n\n\n\n<p style=\"text-align:center\"><strong>\u2193<\/strong><strong><\/strong><\/p>\n\n\n\n<p style=\"text-align:center\"><strong>Dra.<\/strong><strong>&nbsp;Antonia&nbsp;Ruhl<\/strong><strong><\/strong><\/p>\n\n\n\n<p style=\"text-align:center\"><strong>\u2199&nbsp;&nbsp;&nbsp;&nbsp;&nbsp;&nbsp;&nbsp;&nbsp;&nbsp;&nbsp;&nbsp;\u2198<\/strong><strong><\/strong><\/p>\n\n\n\n<p style=\"text-align:center\"><strong>Val\u00e9ria Aguiar Cunha\/ Eva Maria Fran\u00e7a&nbsp;<\/strong><strong><\/strong><\/p>\n\n\n\n<p style=\"text-align:center\"><strong>\u2198&nbsp;&nbsp;&nbsp;&nbsp;&nbsp;&nbsp;&nbsp;&nbsp;&nbsp;&nbsp;&nbsp;&nbsp;\u2199<\/strong><strong><\/strong><\/p>\n\n\n\n<p style=\"text-align:center\"><strong>Luiz Franklin de Mattos Silva<\/strong><strong><\/strong><\/p>\n\n\n\n<p style=\"text-align:center\"><strong>\u2193<\/strong><\/p>\n\n\n\n<p style=\"text-align:center\"><strong>Pl\u00ednio Ganzer Moreira e Sandra Mitiko<\/strong><\/p>\n\n\n\n<p style=\"text-align:center\"><strong>\u2193<\/strong><\/p>\n\n\n\n<p style=\"text-align:center\"><strong>Mestres do Projeto Luz<\/strong><\/p>\n\n\n\n<p style=\"text-align:center\"><strong>\u2193<\/strong><\/p>\n\n\n\n<p style=\"text-align:center\"><strong>Iniciados pelo Projeto Luz<\/strong><\/p>\n\n\n\n<p><strong>Nota: Franklin Mattos iniciou Pl\u00ednio Ganzer Moreira no mestrado, e tamb\u00e9m foi iniciado por ele.<\/strong><\/p>\n\n\n\n<div class=\"wp-block-image\"><figure class=\"aligncenter is-resized\"><img loading=\"lazy\" decoding=\"async\" src=\"http:\/\/moodle.reikibr.org\/projetoluz\/wp-content\/uploads\/2019\/04\/mestres.png\" alt=\"\" class=\"wp-image-114\" width=\"263\" height=\"211\" srcset=\"http:\/\/moodle.reikibr.org\/projetoluz\/wp-content\/uploads\/2019\/04\/mestres.png 327w, http:\/\/moodle.reikibr.org\/projetoluz\/wp-content\/uploads\/2019\/04\/mestres-300x240.png 300w\" sizes=\"auto, (max-width: 263px) 100vw, 263px\" \/><\/figure><\/div>\n","protected":false},"excerpt":{"rendered":"<p>\u201cNingu\u00e9m, depois de acender uma candeia, a p\u00f5e em lugar oculto, nem debaixo do alqueire, mas no velador, para que os que entram vejam a LUZ\u201d Lucas 11-33. Os mestres do Projeto Luz s\u00e3o os cadastrados como tal&nbsp;no mapa de mestres vis\u00edveis. A linhagem&nbsp;utilizada pelos iniciados deste projeto poder\u00e1 ser a dos mestres fundadores,&nbsp;Luiz Franklin [&hellip;]<\/p>\n","protected":false},"author":1,"featured_media":0,"parent":17,"menu_order":0,"comment_status":"closed","ping_status":"closed","template":"","meta":{"jetpack_post_was_ever_published":false,"footnotes":""},"class_list":["post-107","page","type-page","status-publish","hentry"],"jetpack_sharing_enabled":true,"jetpack_shortlink":"https:\/\/wp.me\/PaUIHY-1J","_links":{"self":[{"href":"http:\/\/moodle.reikibr.org\/projetoluz\/index.php\/wp-json\/wp\/v2\/pages\/107","targetHints":{"allow":["GET"]}}],"collection":[{"href":"http:\/\/moodle.reikibr.org\/projetoluz\/index.php\/wp-json\/wp\/v2\/pages"}],"about":[{"href":"http:\/\/moodle.reikibr.org\/projetoluz\/index.php\/wp-json\/wp\/v2\/types\/page"}],"author":[{"embeddable":true,"href":"http:\/\/moodle.reikibr.org\/projetoluz\/index.php\/wp-json\/wp\/v2\/users\/1"}],"replies":[{"embeddable":true,"href":"http:\/\/moodle.reikibr.org\/projetoluz\/index.php\/wp-json\/wp\/v2\/comments?post=107"}],"version-history":[{"count":5,"href":"http:\/\/moodle.reikibr.org\/projetoluz\/index.php\/wp-json\/wp\/v2\/pages\/107\/revisions"}],"predecessor-version":[{"id":414,"href":"http:\/\/moodle.reikibr.org\/projetoluz\/index.php\/wp-json\/wp\/v2\/pages\/107\/revisions\/414"}],"up":[{"embeddable":true,"href":"http:\/\/moodle.reikibr.org\/projetoluz\/index.php\/wp-json\/wp\/v2\/pages\/17"}],"wp:attachment":[{"href":"http:\/\/moodle.reikibr.org\/projetoluz\/index.php\/wp-json\/wp\/v2\/media?parent=107"}],"curies":[{"name":"wp","href":"https:\/\/api.w.org\/{rel}","templated":true}]}}